{"id":245,"date":"2022-06-09T18:41:11","date_gmt":"2022-06-09T18:41:11","guid":{"rendered":"https:\/\/kiju.lorsch.de\/?page_id=245"},"modified":"2026-03-02T19:33:05","modified_gmt":"2026-03-02T19:33:05","slug":"presse","status":"publish","type":"page","link":"https:\/\/kiju.lorsch.de\/?page_id=245","title":{"rendered":"Presse"},"content":{"rendered":"\n<p>09.05.2025 Verein zur F\u00f6rderung der offenen Kinder- und Jugendarbeit bef\u00fcrwortet Neustart des Jugendgremiums. Vorstand um Birgit Tschierschwitz wiedergew\u00e4hlt. Aktion beim Johannisfest geplant <br><a href=\"https:\/\/www.bergstraesser-anzeiger.de\/orte\/lorsch_artikel,-lorsch-jugendrat-foerderung-jugendarbeit-_arid,2303000.html\" target=\"_blank\" rel=\"noreferrer noopener\">Gibt es k\u00fcnftig wieder einen Jugendrat in Lorsch?<\/a><\/p>\n\n\n\n<p>05.10.2024 Anmeldung l\u00e4uft \/ Gehandelt wird im Paulusheim<br><a href=\"https:\/\/www.bergstraesser-anzeiger.de\/orte\/lorsch_artikel,-lorsch-neuer-abendflohmarkt-_arid,2249211.html\">Neuer Abendflohmarkt<\/a><\/p>\n\n\n\n<p>24.03.2023 Erster Lorscher Abendflohmarkt im BA<br><a href=\"https:\/\/www.bergstraesser-anzeiger.de\/orte\/lorsch_artikel,-lorsch-erster-abendflohmarkt-in-lorsch-war-ein-erfolg-_arid,2065216.html\" target=\"_blank\" rel=\"noreferrer noopener\">Erster Abendflohmarkt in lorsch war ein Erfolg<\/a><\/p>\n\n\n\n<p>13.10.2022 JHV BA<br><a href=\"https:\/\/www.bergstraesser-anzeiger.de\/orte\/lorsch_artikel,-lorsch-vom-ferienpass-in-lorsch-bis-hin-zur-legoland-fahrt-_arid,2006197.html\">Vom Ferienpass in Lorsch bis hin zur Legoland-Fahrt (bergstraesser-anzeiger.de)<\/a><\/p>\n\n\n\n<p>29.09.2022 Verein \u201eKiJu\u201c tagt im Back- und Brauhaus in Lorsch<br><a href=\"https:\/\/www.bergstraesser-anzeiger.de\/orte\/lorsch_artikel,-lorsch-verein-kiju-tagt-im-back-und-brauhaus-in-lorsch-_arid,2001077.html\" target=\"_blank\" rel=\"noreferrer noopener\">Verein \u201eKiJu\u201c tagt im Back- und Brauhaus in Lorsch<\/a><\/p>\n\n\n\n<p>18.11.2019 Vorstandswechsel BA<br><a href=\"https:\/\/www.bergstraesser-anzeiger.de\/orte\/lorsch_artikel,-lorsch-vorstandswechsel-beim-foerderverein-kiju-_arid,1555232.html\" target=\"_blank\" rel=\"noreferrer noopener\">Vorstandswechsel beim F\u00f6rderverein KiJu (bergstraesser-anzeiger.de)<\/a><\/p>\n\n\n\n<p><\/p>\n","protected":false},"excerpt":{"rendered":"<p>09.05.2025 Verein zur F\u00f6rderung der offenen Kinder- und Jugendarbeit bef\u00fcrwortet Neustart des Jugendgremiums. Vorstand um Birgit Tschierschwitz wiedergew\u00e4hlt. Aktion beim Johannisfest geplant Gibt es k\u00fcnftig wieder einen Jugendrat in Lorsch? 05.10.2024 Anmeldung l\u00e4uft \/ Gehandelt wird im PaulusheimNeuer Abendflohmarkt 24.03.2023 Erster Lorscher Abendflohmarkt im BAErster Abendflohmarkt in lorsch war ein Erfolg 13.10.2022 JHV BAVom Ferienpass &#8230; <a title=\"Presse\" class=\"read-more\" href=\"https:\/\/kiju.lorsch.de\/?page_id=245\" aria-label=\"Mehr Informationen \u00fcber Presse\">Weiterlesen &#8230;<\/a><\/p>\n","protected":false},"author":3,"featured_media":0,"parent":0,"menu_order":0,"comment_status":"closed","ping_status":"closed","template":"","meta":{"generate_page_header":"","footnotes":""},"class_list":["post-245","page","type-page","status-publish"],"yoast_head":"<!-- This site is optimized with the Yoast SEO plugin v27.4 - https:\/\/yoast.com\/product\/yoast-seo-wordpress\/ -->\n<title>Presse - Verein zur F\u00f6rderung<\/title>\n<meta name=\"robots\" content=\"index, follow, max-snippet:-1, max-image-preview:large, max-video-preview:-1\" \/>\n<link rel=\"canonical\" href=\"https:\/\/kiju.lorsch.de\/?page_id=245\" \/>\n<meta property=\"og:locale\" content=\"de_DE\" \/>\n<meta property=\"og:type\" content=\"article\" \/>\n<meta property=\"og:title\" content=\"Presse - Verein zur F\u00f6rderung\" \/>\n<meta property=\"og:description\" content=\"09.05.2025 Verein zur F\u00f6rderung der offenen Kinder- und Jugendarbeit bef\u00fcrwortet Neustart des Jugendgremiums. Vorstand um Birgit Tschierschwitz wiedergew\u00e4hlt. Aktion beim Johannisfest geplant Gibt es k\u00fcnftig wieder einen Jugendrat in Lorsch? 05.10.2024 Anmeldung l\u00e4uft \/ Gehandelt wird im PaulusheimNeuer Abendflohmarkt 24.03.2023 Erster Lorscher Abendflohmarkt im BAErster Abendflohmarkt in lorsch war ein Erfolg 13.10.2022 JHV BAVom Ferienpass ... Weiterlesen ...\" \/>\n<meta property=\"og:url\" content=\"https:\/\/kiju.lorsch.de\/?page_id=245\" \/>\n<meta property=\"og:site_name\" content=\"Verein zur F\u00f6rderung\" \/>\n<meta property=\"article:modified_time\" content=\"2026-03-02T19:33:05+00:00\" \/>\n<meta name=\"twitter:card\" content=\"summary_large_image\" \/>\n<meta name=\"twitter:label1\" content=\"Gesch\u00e4tzte Lesezeit\" \/>\n\t<meta name=\"twitter:data1\" content=\"1\u00a0Minute\" \/>\n<script type=\"application\/ld+json\" class=\"yoast-schema-graph\">{\"@context\":\"https:\\\/\\\/schema.org\",\"@graph\":[{\"@type\":\"WebPage\",\"@id\":\"https:\\\/\\\/kiju.lorsch.de\\\/?page_id=245\",\"url\":\"https:\\\/\\\/kiju.lorsch.de\\\/?page_id=245\",\"name\":\"Presse - Verein zur F\u00f6rderung\",\"isPartOf\":{\"@id\":\"https:\\\/\\\/kiju.lorsch.de\\\/#website\"},\"datePublished\":\"2022-06-09T18:41:11+00:00\",\"dateModified\":\"2026-03-02T19:33:05+00:00\",\"breadcrumb\":{\"@id\":\"https:\\\/\\\/kiju.lorsch.de\\\/?page_id=245#breadcrumb\"},\"inLanguage\":\"de\",\"potentialAction\":[{\"@type\":\"ReadAction\",\"target\":[\"https:\\\/\\\/kiju.lorsch.de\\\/?page_id=245\"]}]},{\"@type\":\"BreadcrumbList\",\"@id\":\"https:\\\/\\\/kiju.lorsch.de\\\/?page_id=245#breadcrumb\",\"itemListElement\":[{\"@type\":\"ListItem\",\"position\":1,\"name\":\"Startseite\",\"item\":\"https:\\\/\\\/kiju.lorsch.de\\\/\"},{\"@type\":\"ListItem\",\"position\":2,\"name\":\"Presse\"}]},{\"@type\":\"WebSite\",\"@id\":\"https:\\\/\\\/kiju.lorsch.de\\\/#website\",\"url\":\"https:\\\/\\\/kiju.lorsch.de\\\/\",\"name\":\"Verein zur F\u00f6rderung\",\"description\":\"der offenen Kinder- und Jugendarbeit\",\"publisher\":{\"@id\":\"https:\\\/\\\/kiju.lorsch.de\\\/#organization\"},\"potentialAction\":[{\"@type\":\"SearchAction\",\"target\":{\"@type\":\"EntryPoint\",\"urlTemplate\":\"https:\\\/\\\/kiju.lorsch.de\\\/?s={search_term_string}\"},\"query-input\":{\"@type\":\"PropertyValueSpecification\",\"valueRequired\":true,\"valueName\":\"search_term_string\"}}],\"inLanguage\":\"de\"},{\"@type\":\"Organization\",\"@id\":\"https:\\\/\\\/kiju.lorsch.de\\\/#organization\",\"name\":\"Verein zur F\u00f6rderung\",\"url\":\"https:\\\/\\\/kiju.lorsch.de\\\/\",\"logo\":{\"@type\":\"ImageObject\",\"inLanguage\":\"de\",\"@id\":\"https:\\\/\\\/kiju.lorsch.de\\\/#\\\/schema\\\/logo\\\/image\\\/\",\"url\":\"https:\\\/\\\/kiju.lorsch.de\\\/wp-content\\\/uploads\\\/2022\\\/06\\\/KiJu-Logo_klein.png\",\"contentUrl\":\"https:\\\/\\\/kiju.lorsch.de\\\/wp-content\\\/uploads\\\/2022\\\/06\\\/KiJu-Logo_klein.png\",\"width\":483,\"height\":542,\"caption\":\"Verein zur F\u00f6rderung\"},\"image\":{\"@id\":\"https:\\\/\\\/kiju.lorsch.de\\\/#\\\/schema\\\/logo\\\/image\\\/\"}}]}<\/script>\n<!-- \/ Yoast SEO plugin. -->","yoast_head_json":{"title":"Presse - Verein zur F\u00f6rderung","robots":{"index":"index","follow":"follow","max-snippet":"max-snippet:-1","max-image-preview":"max-image-preview:large","max-video-preview":"max-video-preview:-1"},"canonical":"https:\/\/kiju.lorsch.de\/?page_id=245","og_locale":"de_DE","og_type":"article","og_title":"Presse - Verein zur F\u00f6rderung","og_description":"09.05.2025 Verein zur F\u00f6rderung der offenen Kinder- und Jugendarbeit bef\u00fcrwortet Neustart des Jugendgremiums. Vorstand um Birgit Tschierschwitz wiedergew\u00e4hlt. Aktion beim Johannisfest geplant Gibt es k\u00fcnftig wieder einen Jugendrat in Lorsch? 05.10.2024 Anmeldung l\u00e4uft \/ Gehandelt wird im PaulusheimNeuer Abendflohmarkt 24.03.2023 Erster Lorscher Abendflohmarkt im BAErster Abendflohmarkt in lorsch war ein Erfolg 13.10.2022 JHV BAVom Ferienpass ... Weiterlesen ...","og_url":"https:\/\/kiju.lorsch.de\/?page_id=245","og_site_name":"Verein zur F\u00f6rderung","article_modified_time":"2026-03-02T19:33:05+00:00","twitter_card":"summary_large_image","twitter_misc":{"Gesch\u00e4tzte Lesezeit":"1\u00a0Minute"},"schema":{"@context":"https:\/\/schema.org","@graph":[{"@type":"WebPage","@id":"https:\/\/kiju.lorsch.de\/?page_id=245","url":"https:\/\/kiju.lorsch.de\/?page_id=245","name":"Presse - Verein zur F\u00f6rderung","isPartOf":{"@id":"https:\/\/kiju.lorsch.de\/#website"},"datePublished":"2022-06-09T18:41:11+00:00","dateModified":"2026-03-02T19:33:05+00:00","breadcrumb":{"@id":"https:\/\/kiju.lorsch.de\/?page_id=245#breadcrumb"},"inLanguage":"de","potentialAction":[{"@type":"ReadAction","target":["https:\/\/kiju.lorsch.de\/?page_id=245"]}]},{"@type":"BreadcrumbList","@id":"https:\/\/kiju.lorsch.de\/?page_id=245#breadcrumb","itemListElement":[{"@type":"ListItem","position":1,"name":"Startseite","item":"https:\/\/kiju.lorsch.de\/"},{"@type":"ListItem","position":2,"name":"Presse"}]},{"@type":"WebSite","@id":"https:\/\/kiju.lorsch.de\/#website","url":"https:\/\/kiju.lorsch.de\/","name":"Verein zur F\u00f6rderung","description":"der offenen Kinder- und Jugendarbeit","publisher":{"@id":"https:\/\/kiju.lorsch.de\/#organization"},"potentialAction":[{"@type":"SearchAction","target":{"@type":"EntryPoint","urlTemplate":"https:\/\/kiju.lorsch.de\/?s={search_term_string}"},"query-input":{"@type":"PropertyValueSpecification","valueRequired":true,"valueName":"search_term_string"}}],"inLanguage":"de"},{"@type":"Organization","@id":"https:\/\/kiju.lorsch.de\/#organization","name":"Verein zur F\u00f6rderung","url":"https:\/\/kiju.lorsch.de\/","logo":{"@type":"ImageObject","inLanguage":"de","@id":"https:\/\/kiju.lorsch.de\/#\/schema\/logo\/image\/","url":"https:\/\/kiju.lorsch.de\/wp-content\/uploads\/2022\/06\/KiJu-Logo_klein.png","contentUrl":"https:\/\/kiju.lorsch.de\/wp-content\/uploads\/2022\/06\/KiJu-Logo_klein.png","width":483,"height":542,"caption":"Verein zur F\u00f6rderung"},"image":{"@id":"https:\/\/kiju.lorsch.de\/#\/schema\/logo\/image\/"}}]}},"_links":{"self":[{"href":"https:\/\/kiju.lorsch.de\/index.php?rest_route=\/wp\/v2\/pages\/245","targetHints":{"allow":["GET"]}}],"collection":[{"href":"https:\/\/kiju.lorsch.de\/index.php?rest_route=\/wp\/v2\/pages"}],"about":[{"href":"https:\/\/kiju.lorsch.de\/index.php?rest_route=\/wp\/v2\/types\/page"}],"author":[{"embeddable":true,"href":"https:\/\/kiju.lorsch.de\/index.php?rest_route=\/wp\/v2\/users\/3"}],"replies":[{"embeddable":true,"href":"https:\/\/kiju.lorsch.de\/index.php?rest_route=%2Fwp%2Fv2%2Fcomments&post=245"}],"version-history":[{"count":7,"href":"https:\/\/kiju.lorsch.de\/index.php?rest_route=\/wp\/v2\/pages\/245\/revisions"}],"predecessor-version":[{"id":517,"href":"https:\/\/kiju.lorsch.de\/index.php?rest_route=\/wp\/v2\/pages\/245\/revisions\/517"}],"wp:attachment":[{"href":"https:\/\/kiju.lorsch.de\/index.php?rest_route=%2Fwp%2Fv2%2Fmedia&parent=245"}],"curies":[{"name":"wp","href":"https:\/\/api.w.org\/{rel}","templated":true}]}}